and 4.
2
Suppose 4*y - 278 + 70 = 0. What is the greatest common factor of y and 52?
52
Suppose -2*j + 3*m = -7*j + 353, 5*j - 348 = 2*m. Let i = j - 22. What is the highest common divisor of i and 12?
12
Suppose 0 = 3*m - 0*m. Suppose 5*w + 7 - 22 = m. Let a(v) = v**2 + 6*v + 3. Let b be a(-6). Calculate the greatest common factor of w and b.
3
Let i = -25 + 27. Calculate the highest common factor of 4 and i.
2
Suppose -3*b - 2*h = -4, 3*b + 6 = -5*h - 2. Suppose v + b*t = 62, -2*v + 5*t + 80 = -18. What is the greatest common factor of 18 and v?
18
Suppose 0 = n - 2*h - 28, 4*n - 3*h = -0*n + 127. Calculate the greatest common divisor of 17 and n.
17
Let j = -8 + 8. Let h = j - -2. Calculate the greatest common factor of 16 and h.
2
Let j be 3/(3 + 45/(-16)). Let i = j - 11. Calculate the highest common divisor of i and 25.
5
Suppose -3*i = -2*t - 13, -4*i + 4*t = 2 - 26. What is the greatest common factor of 8 and i?
1
Let y be 2/(-6) - (-166)/(-6). Let h = y - -13. Let q be (h/6 - -2)*-2. Calculate the highest common factor of 1 and q.
1
Let f(c) = -c + 1. Let l be f(-8). Calculate the highest common factor of l and 1.
1
Let o be -6*(-5)/(45/84). Let q(g) = 2*g**3 + 1. Let u be q(1). Suppose -z + o = u*z. Calculate the greatest common divisor of 126 and z.
14
Suppose -i - i + 20 = 0. Let r(u) = u**3 - 7*u**2 + 6*u + 4. Suppose 2 = -g + 8. Let v be r(g). Calculate the greatest common factor of v and i.
2
Let a(d) = d**3 - 10*d**2 - 17*d - 14. Let t be a(13). Calculate the greatest common factor of 17 and t.
17
Suppose -8 = -3*j + 1. Let c = j - 2. What is the greatest common divisor of c and 11?
1
Let h(t) = -2*t**3 + 5*t**2 - 3*t - 1. Let o be h(3). Let u = o + 32. What is the highest common factor of 26 and u?
13
Let q(p) = 18*p - 4. Let j be q(3). What is the highest common divisor of j and 10?
10
Let q be 4/(-14) + 27/21. Calculate the highest common factor of q and 9.
1
Let w(x) = -x**3 - 5*x**2 + 2*x + 11. Let g be w(-5). What is the greatest common divisor of 7 and g?
1
Suppose 3*b - 17 = 2*b + 4*s, 3*b = 3*s + 24. Suppose -3*l + 3*f = l - 129, 78 = 3*l + 4*f. Let q = l - 5. What is the greatest common divisor of q and b?
5
Suppose -4*u - 90 + 886 = 3*y, y - 2*u - 252 = 0. Suppose -5*i + 455 = -y. Let a = 35 - 22. Calculate the greatest common divisor of a and i.
13
Suppose 0 = q - 3 + 1. Suppose 5*u = q*u + 825. What is the highest common factor of 25 and u?
25
Let w = 123 + -88. Calculate the greatest common factor of 14 and w.
7
Let q = 32 - 21. Suppose -2*v + c + q = -0*c, -2*c = -2*v + 10. What is the highest common divisor of v and 3?
3
Suppose 14*i + 4*h = 9*i + 475, -3*i + 2*h = -307. Calculate the greatest common factor of i and 66.
33
Suppose -k = 2*k - 9. Let d be -1 - (-78 - 3) - k. Calculate the highest common divisor of d and 7.
7
Let g = 8 - 2. Let y be g/4*(-28)/(-6). What is the highest common divisor of 7 and y?
7
Suppose 0*x + 2*x + 7 = u, u + 2*x - 7 = 0. What is the highest common factor of u and 56?
7
Suppose 5*p - 77 = -2*n + 31, 4*p - 84 = -n. What is the highest common divisor of p and 20?
20
Suppose 0 = -3*g + 4*c + 524, g - 47 - 101 = -4*c. What is the greatest common divisor of 112 and g?
56
Suppose -s + 70 = -4*z - 13, -2*z - 83 = -s. Suppose -135 = -2*y - 35. Let q = s - y. Calculate the greatest common divisor of 22 and q.
11
Let l be 6/(-12)*1 - 9/(-2). What is the greatest common factor of l and 12?
4
Let p be 19/7 - 2/(-7). Suppose 3*m - 2 = -2*n - p*n, 2*m - 5*n + 7 = 0. Let k be 8 + m - 1*-2. What is the highest common divisor of 72 and k?
9
Suppose 4*j - 15 = 3*j. Calculate the greatest common divisor of 3 and j.
3
Suppose w - 12 = s - 2*w, 64 = -3*s + 2*w. Let u be s/(-11) + 4/(-22). Let f be (-1)/u*192/(-4). What is the highest common factor of f and 96?
24
Let n(j) = -8*j - 3. Let x be n(-2). Let v(w) = -w**3 + 3*w**2 + w - 4. Let y be v(4). Let b = 29 + y. What is the highest common factor of x and b?
13
Suppose 383 = 2*y + 3*f, -5*y = -f - 214 - 718. Suppose -a + 2*l + 41 = 2*a, 0 = 5*l - 25. What is the highest common divisor of y and a?
17
Suppose 0 = -3*g - 7 - 5. Let b be g/6*-3 + 0. Let z be -4 - (-22 + (0 - -4)). What is the greatest common divisor of z and b?
2
Let w(z) be the first derivative of -z**4/4 + 5*z**3/3 + 7*z**2/2 + z + 3. Let l = -11 + 16. Let j be w(l). What is the highest common factor of 4 and j?
4
Suppose -4*n - n = -840. Calculate the greatest common divisor of n and 21.
21
Let m = -17 - -43. What is the highest common factor of m and 13?
13
Let j = -7 - -15. Let k be 70/j + 1/4. Suppose 3*p - p - 12 = 0. What is the greatest common factor of p and k?
3
Suppose 0 = 10*s - 5*s - 240. Calculate the highest common factor of 120 and s.
24
Let i = -7 - -13. Let b(k) = -4*k - i + 3 + k. Let j be b(-3). What is the highest common divisor of j and 9?
3
Let r = -3 + 3. Let t(k) = -k - 4*k + r - 10. Let p be t(-8). Calculate the greatest common factor of p and 10.
10
Let n = -9 - -19. Calculate the highest common factor of n and 110.
10
Let u = -6 - -10. Suppose 0 = -0*v + u*v. Let w be 6 + (-1 + 4 - v). What is the greatest common divisor of 9 and w?
9
Let d = 70 - 44. What is the greatest common factor of d and 286?
26
Let l(m) = 6*m + 6. Let q be l(7). Let r(x) = x**3 + x**2 + x + 72. Let z be r(0). Calculate the highest common divisor of q and z.
24
Suppose -24*g + 22*g = -2. Calculate the highest common factor of 17 and g.
1
Let i be 1 - 5/(15/(-42)). Let m be i/((-1)/((-2)/2)). Calculate the greatest common factor of m and 3.
3
Let c = -79 - -111. What is the greatest common divisor of c and 48?
16
Let h be ((-2)/(-4) + 0)*-4. Let a = h + 6. Suppose 113 + 67 = a*l. Calculate the highest common divisor of l and 5.
5
Suppose 0*j + j - 4*f - 3 = 0, 3*j + 2*f = 9. Suppose 6 = j*u - 2*u. Let y be 60/4*u/5. Calculate the greatest common factor of y and 27.
9
Suppose -3*b - b = 4*y - 20, -y + 3 = -b. Let v(h) = 23*h - 1. Let p be v(b). What is the highest common divisor of 55 and p?
11
Suppose 0 = 2*s + 6, 2*f = -2*f - s + 17. Suppose 0 = -n - 0 - 3, 0 = -u + f*n + 32. Calculate the highest common factor of u and 51.
17
Suppose 0 = -4*g - z + 35 - 7, -5*z = 5*g - 20. Let p = -41 + 97. What is the highest common divisor of g and p?
8
Suppose 3*i + 2*p - 32 = 4*p, 5*p = 3*i - 44. Suppose i = -2*g - 0. Let n be (-12)/(-7) - g/14. What is the highest common factor of 22 and n?
2
Suppose -4*a + 5*d = -77, -40 = -5*a - d + 78. Calculate the highest common factor of 253 and a.
23
Suppose -4*w + 9 = -7. Suppose 4*g - 4*s = 28, g = w*s - 0*s + 1. Let a = 38 - -7. Calculate the greatest common factor of g and a.
9
Let k = 82 - 40. What is the highest common factor of 14 and k?
14
Suppose y = -5*n + 46, 0 = -4*n - 7 + 27. What is the greatest common factor of y and 21?
21
Let b(t) = 6*t. Let l(v) = -v**3 + 5*v**2 - 3*v - 4. Let i be l(3). Let y be b(i). Suppose -3*j + 2*j = -75. Calculate the greatest common factor of j and y.
15
Suppose 720 = 9*p - 0*p. What is the greatest common divisor of 120 and p?
40
Suppose 2*y + 29 = -2*y + 5*c, 4*y = -4*c + 16. Let h = y - -4. Suppose 0 = 5*z - 4*z, -119 = -v - h*z. Calculate the greatest common divisor of 17 and v.
17
Suppose 2164 = 7*t + 470. What is the highest common factor of t and 22?
22
Suppose -27*o + 34*o - 770 = 0. Suppose 4*w = -w + 20. Suppose 2*f + 12 = 5*f, 0 = -2*s - w*f + 36. Calculate the highest common divisor of o and s.
10
Let v(n) = n**3 + 2*n**2 - 2*n + 1. Let z be v(1). Let x(t) = 4*t - 54. Let h be x(14). Calculate the highest common divisor of z and h.
2
Let h(l) = 8*l**3 - 2*l**2 - 2. Suppose 0 = -s - 1, -o - 3*s - 3 = 2*s. Let p be h(o). Calculate the highest common divisor of p and 36.
18
Let v(z) = -z**3 + 2*z**2 + 8*z + 6. Let a be v(-3). Calculate the highest common factor of a and 6.
3
Let o be -1*6/(-2) - -13. Let l be (-5)/((-20)/o) + -1. Suppose b = -t + 21, 3*b + 2*b + 3*t - 105 = 0. Calculate the greatest common divisor of l and b.
3
Let p(t) = t**2 + 4*t - 4. Let n be p(-7). Let j = 24 - n. Let z = 10 - j. What is the greatest common divisor of z and 3?
3
Let k be 4170/70 - 12/(-28). Calculate the greatest common divisor of k and 90.
30
Let v be 4 + 1 - (-1 - -1). Suppose 4 = 3*p - v. Suppose -3*m - 6 = -